
Is 434391197 a prime number?
True
Is 2474950391 a composite number?
True
Is 1356459163 a prime number?
True
Is 39832510429 a composite number?
True
Is 30514673 prime?
False
Is 2550539213 composite?
False
Is 263870183 a composite number?
False
Is 190128157517 composite?
False
Is 837681479 a prime number?
True
Is 149722303 prime?
True
Is 263565667 composite?
True
Is 29937532399 a composite number?
True
Is 520683851 a composite number?
False
Is 6717967819 a composite number?
False
Is 15166284863 composite?
True
Is 15523395331 composite?
True
Is 946879873 a prime number?
False
Is 80071659143 prime?
False
Is 10407782666 a prime number?
False
Is 397466057489 prime?
False
Is 23232911843 composite?
False
Is 47491356811 composite?
True
Is 5518362203 a prime number?
True
Is 2412826393 a composite number?
True
Is 44393663573 prime?
False
Is 500448007 a composite number?
True
Is 157954361 prime?
False
Is 53389978799 a prime number?
False
Is 242690771 composite?
False
Is 297541711 composite?
True
Is 532756057 a composite number?
False
Is 2080921247 prime?
False
Is 9352939237 a composite number?
True
Is 14385191 prime?
True
Is 38083684693 a composite number?
False
Is 1094808047 composite?
False
Is 7105824901 composite?
True
Is 86728723 a prime number?
False
Is 6680993887 prime?
False
Is 9066112133 prime?
False
Is 88468263545 a composite number?
True
Is 8400094343 a composite number?
False
Is 5590019191 a composite number?
False
Is 8781075379 a composite number?
True
Is 891843611 composite?
True
Is 2955723929 composite?
False
Is 89763268249 composite?
True
Is 559895101 composite?
True
Is 2127399047 prime?
False
Is 24622719599 a prime number?
True
Is 2278948337 composite?
True
Is 1135682173 a prime number?
True
Is 45903321613 a prime number?
False
Is 26633066503 a composite number?
True
Is 123714431 composite?
False
Is 186613956905 a prime number?
False
Is 49179154163 a composite number?
True
Is 1536272347 a prime number?
False
Is 5677355251 a prime number?
True
Is 15040961 prime?
False
Is 7254562459 a composite number?
False
Is 229682953 a prime number?
False
Is 279777541 a prime number?
False
Is 5448155533 composite?
False
Is 90591901207 a prime number?
False
Is 717822953 prime?
False
Is 631700623 composite?
True
Is 2634952867 prime?
False
Is 3861163 prime?
False
Is 12048539 prime?
False
Is 6780507167 composite?
True
Is 3784919 composite?
False
Is 17373197551 a prime number?
True
Is 21198278009 prime?
True
Is 26232119723 composite?
True
Is 28168497499 a composite number?
True
Is 34264242763 composite?
False
Is 10832567701 composite?
True
Is 1206874057 a composite number?
False
Is 144194327 composite?
False
Is 10316071 a composite number?
False
Is 63245010931 a composite number?
True
Is 5491085867 a composite number?
True
Is 72775757777 a prime number?
True
Is 72654964211 a composite number?
False
Is 3206262593 a prime number?
True
Is 1655120785 composite?
True
Is 3093479063 a composite number?
False
Is 7398462563 prime?
True
Is 31467360341 a prime number?
True
Is 105942793813 a prime number?
True
Is 17105737801 a composite number?
False
Is 39668212391 prime?
True
Is 86620111 a composite number?
True
Is 59842643501 a composite number?
True
Is 518449927 composite?
False
Is 2259445723 prime?
False
Is 16189912859 a composite number?
True
Is 32702957421 a composite number?
True
Is 5576567581 prime?
False
Is 18491740121 a composite number?
True
Is 1858464373 prime?
True
Is 370950719 a composite number?
False
Is 6112444243 a prime number?
True
Is 2029183841 a composite number?
False
Is 10204319603 a prime number?
False
Is 342835033 a prime number?
False
Is 22251095929 composite?
False
Is 10218015133 composite?
False
Is 5348216293 a prime number?
False
Is 11924129681 prime?
False
Is 8310946471 a composite number?
False
Is 706247317 a prime number?
True
Is 77433940657 prime?
True
Is 6061644159 composite?
True
Is 2821196111 a prime number?
False
Is 105675906533 a composite number?
True
Is 17261246347 a prime number?
False
Is 114820252861 a composite number?
True
Is 1076608537 a composite number?
False
Is 13949280629 a composite number?
False
Is 32684288881 a composite number?
False
Is 68734390731 a composite number?
True
Is 366839953 a prime number?
False
Is 3518747179 a prime number?
True
Is 15846952969 composite?
False
Is 302966438081 prime?
True
Is 165028315 a composite number?
True
Is 21652696393 a composite number?
False
Is 12517480699 composite?
False
Is 3083209937 a prime number?
True
Is 54397035859 a composite number?
True
Is 2588505893 a composite number?
False
Is 1093755451 prime?
False
Is 84297608155 a prime number?
False
Is 48906616433 composite?
True
Is 1060323499 composite?
False
Is 796617781 composite?
True
Is 832567159 composite?
True
Is 29473746103 a composite number?
False
Is 18650828173 a prime number?
True
Is 1669729541 composite?
False
Is 2291002757 a prime number?
False
Is 6534796511 a composite number?
False
Is 6875287513 a composite number?
False
Is 52258733 a prime number?
True
Is 1325576159 composite?
False
Is 17791177439 a composite number?
True
Is 860142697 composite?
True
Is 3194527771 prime?
True
Is 4879533263 a prime number?
False
Is 4918402766 prime?
False
Is 1724063687 a prime number?
False
Is 266715259 composite?
True
Is 36459569 composite?
False
Is 55449730351 a prime number?
True
Is 677100049 a composite number?
False
Is 5928972011 a composite number?
True
Is 4115399719 composite?
False
Is 19093366438 a composite number?
True
Is 1375954669 prime?
True
Is 29393099 composite?
False
Is 2110505561 a prime number?
False
Is 488381689 composite?
False
Is 4199356277 prime?
False
Is 1408367 prime?
True
Is 77928445889 a prime number?
False
Is 885697679 composite?
True
Is 40290197 composite?
False
Is 18298971433 a prime number?
True
Is 131741215733 prime?
True
Is 27599137399 prime?
True
Is 5622277861 a composite number?
False
Is 450659809 composite?
False
Is 320315314177 a prime number?
True
Is 3913232551 a prime number?
True
Is 16509862007 composite?
True
Is 5247957541 composite?
True
Is 12794328017 a prime number?
True
Is 1226056217 a prime number?
False
Is 752553167 a prime number?
True
Is 638976391 composite?
False
Is 657076489 a prime number?
False
Is 5704252111 prime?
True
Is 2168353261 a composite number?
False
Is 1526089259 composite?
False
Is 13821663367 a prime number?
False
Is 49731370433 a composite number?
False
Is 150517958159 prime?
True
Is 31384612123 a composite number?
True
Is 293233387 a prime number?
True
Is 2153514778 a prime number?
False
Is 7787677657 a composite number?
True
Is 991692391 composite?
False
Is 6850937 composite?
False
Is 8887189117 prime?
True
Is 1774346143 prime?
True
Is 2147675503 a composite number?
False
Is 779781703 a prime number?
False
Is 7360912457 composite?
False
Is 25904052127 composite?
True
Is 95350177427 prime?
True
Is 2044296049 prime?
False
Is 7911418657 composite?
False
Is 8387761807 prime?
True
Is 6940148693 a prime number?
True
Is 4917434713 prime?
True
Is 14657671651 prime?
False
Is 3510590431 prime?
True
Is 32818930691 a composite number?
False
Is 149703317 composite?
True
Is 16253407901 a prime number?
True
Is 216319367185 composite?
True
Is 142051939 composite?
False
Is 3025878153 a composite number?
True
Is 60950136719 a prime number?
False
Is 263400324401 a prime number?
False
Is 1087258841 composite?
False
Is 648688643 composite?
False
Is 109356528613 a composite number?
False
Is 104698141 a composite number?
False
Is 13150756163 a composite number?
False
Is 5716247741 a composite number?
False
Is 4873925027 a prime number?
True
Is 408622451 composite?
False
Is 18564629381 prime?
False
Is 23995315291 a composite number?
True
Is 1268863361 a prime number?
False
Is 3940870823 a composite number?
True
Is 236140529 a prime number?
False
Is 5573070077 prime?
False
Is 12477893 a composite number?
False
Is 678411577 composite?
False
Is 6138541417 a prime number?
False
Is 7766963713 a composite number?
False
Is 527246581 a composite number?
True
Is 12373075493 composite?
True
Is 1295135087 a prime number?
False
Is 145463330113 a composite number?
False
Is 73872939281 a composite number?
False
Is 170752886594 prime?
False
Is 32363797313 a composite number?
False
Is 112407059047 comp